{"id":1690,"date":"2024-01-05T11:37:21","date_gmt":"2024-01-05T11:37:21","guid":{"rendered":"https:\/\/easterndrinks.de\/?page_id=1690"},"modified":"2024-01-08T08:31:08","modified_gmt":"2024-01-08T08:31:08","slug":"impressum","status":"publish","type":"page","link":"https:\/\/easterndrinks.de\/index.php\/impressum\/","title":{"rendered":"Impressum"},"content":{"rendered":"<div data-colibri-id=\"1690-c1\" class=\"style-1324 style-local-1690-c1 position-relative\">\n  <!---->\n  <div data-colibri-component=\"section\" data-colibri-id=\"1690-c2\" id=\"intro\" class=\"h-section h-section-global-spacing d-flex align-items-lg-center align-items-md-center align-items-center style-1325 style-local-1690-c2 position-relative\">\n    <!---->\n    <!---->\n    <div class=\"h-section-grid-container h-section-boxed-container\">\n      <!---->\n      <div data-colibri-id=\"1690-c3\" class=\"h-row-container gutters-row-lg-2 gutters-row-md-2 gutters-row-2 gutters-row-v-lg-2 gutters-row-v-md-2 gutters-row-v-2 style-1326 style-local-1690-c3 position-relative\">\n        <!---->\n        <div class=\"h-row justify-content-lg-center justify-content-md-center justify-content-center align-items-lg-stretch align-items-md-stretch align-items-stretch gutters-col-lg-2 gutters-col-md-2 gutters-col-2 gutters-col-v-lg-2 gutters-col-v-md-2 gutters-col-v-2\">\n          <!---->\n          <div class=\"h-column h-column-container d-flex h-col-lg-auto h-col-md-auto h-col-auto style-1329-outer style-local-1690-c4-outer\">\n            <div data-colibri-id=\"1690-c4\" class=\"d-flex h-flex-basis h-column__inner h-px-lg-2 h-px-md-2 h-px-2 v-inner-lg-2 v-inner-md-2 v-inner-2 style-1329 style-local-1690-c4 position-relative\">\n              <!---->\n              <!---->\n              <div class=\"w-100 h-y-container h-column__content h-column__v-align flex-basis-100 align-self-lg-start align-self-md-start align-self-start\">\n                <!---->\n                <div data-colibri-id=\"1690-c5\" class=\"h-lead h-text h-text-component style-1330 style-local-1690-c5 position-relative h-element\">\n                  <!---->\n                  <!---->\n                  <div class=\"\">\n                    <p>Agentur Hoffmann Promotion GmbH\n                      <br>Sch\u00e4ferstra\u00dfe 56\n                      <br>01067 Dresden\n                      <br>fon: +49 173 37 28 182\n                      <br>email: info@easterndrinks.de<\/p>\n                    <p>Gesch\u00e4ftsf\u00fchrer: Thomas Roemer<\/p>\n                    <p>Steuernummer: 302\/105\/13068\n                      <br>Amtgericht Dresden: HRB 32059<\/p>\n                  <\/div>\n                <\/div>\n              <\/div>\n            <\/div>\n          <\/div>\n        <\/div>\n      <\/div>\n    <\/div>\n  <\/div>\n  <div data-colibri-component=\"section\" data-colibri-id=\"1690-c81\" id=\"cta\" class=\"h-section h-section-global-spacing d-flex align-items-lg-center align-items-md-center align-items-center style-1374 style-local-1690-c81 position-relative\">\n    <div class=\"background-wrapper\">\n      <div class=\"background-layer background-layer-media-container-lg\">\n        <div data-enabled=\"true\" data-colibri-component=\"parallax\" class=\"background-layer paraxify\" style=\"background-image: url(&quot;https:\/\/easterndrinks.de\/wp-content\/uploads\/2024\/01\/cropped-IMG_5355-scaled-1.jpg&quot;);\" model-id=\"1690-c81\" media=\"desktop\"\n          is-preview=\"true\"><\/div>\n        <div class=\"overlay-layer\">\n          <div class=\"overlay-image-layer\" style=\"background-color: rgb(2, 5, 20); opacity: 0.7;\"><\/div>\n        <\/div>\n      <\/div>\n      <div class=\"background-layer background-layer-media-container-md\">\n        <!---->\n        <div class=\"overlay-layer\">\n          <div class=\"overlay-image-layer\" style=\"background-color: rgb(2, 5, 20); opacity: 0.7;\"><\/div>\n        <\/div>\n      <\/div>\n      <div class=\"background-layer background-layer-media-container\">\n        <!---->\n        <div class=\"overlay-layer\">\n          <div class=\"overlay-image-layer\" style=\"background-color: rgb(2, 5, 20); opacity: 0.7;\"><\/div>\n        <\/div>\n      <\/div>\n    <\/div>\n    <!---->\n    <div class=\"h-section-grid-container h-section-boxed-container\">\n      <!---->\n      <div data-colibri-id=\"1690-c82\" class=\"h-row-container gutters-row-lg-2 gutters-row-md-2 gutters-row-0 gutters-row-v-lg-2 gutters-row-v-md-2 gutters-row-v-2 style-1375 style-local-1690-c82 position-relative\">\n        <!---->\n        <div class=\"h-row justify-content-lg-center justify-content-md-center justify-content-center align-items-lg-stretch align-items-md-stretch align-items-stretch gutters-col-lg-2 gutters-col-md-2 gutters-col-0 gutters-col-v-lg-2 gutters-col-v-md-2 gutters-col-v-2\">\n          <!---->\n          <div class=\"h-column h-column-container d-flex h-col-lg-auto h-col-md-auto h-col-auto style-1376-outer style-local-1690-c83-outer\">\n            <div data-colibri-id=\"1690-c83\" class=\"d-flex h-flex-basis h-column__inner h-px-lg-0 h-px-md-0 h-px-2 v-inner-lg-0 v-inner-md-0 v-inner-2 style-1376 style-local-1690-c83 position-relative\">\n              <!---->\n              <!---->\n              <div class=\"w-100 h-y-container h-column__content h-column__v-align flex-basis-100 align-self-lg-start align-self-md-start align-self-start\">\n                <!---->\n                <div data-colibri-id=\"1690-c84\" class=\"h-global-transition-all h-heading style-1377 style-local-1690-c84 position-relative h-element\">\n                  <!---->\n                  <div class=\"h-heading__outer style-1377 style-local-1690-c84\">\n                    <!---->\n                    <!---->\n                    <h1 class=\"\">Since 1910<\/h1>\n                  <\/div>\n                <\/div>\n              <\/div>\n            <\/div>\n          <\/div>\n        <\/div>\n      <\/div>\n    <\/div>\n  <\/div>\n  <div data-colibri-component=\"section\" data-colibri-id=\"1690-c95\" id=\"our-restaurant\" class=\"h-section h-section-global-spacing d-flex align-items-lg-center align-items-md-center align-items-center style-1388 style-local-1690-c95 position-relative\">\n    <!---->\n    <!---->\n    <div class=\"h-section-grid-container h-section-fluid-container\">\n      <!---->\n      <div data-colibri-id=\"1690-c96\" class=\"h-row-container gutters-row-lg-0 gutters-row-md-0 gutters-row-0 gutters-row-v-lg-0 gutters-row-v-md-0 gutters-row-v-0 style-1389 style-local-1690-c96 position-relative\">\n        <!---->\n        <div class=\"h-row justify-content-lg-center justify-content-md-center justify-content-center align-items-lg-stretch align-items-md-stretch align-items-stretch gutters-col-lg-0 gutters-col-md-0 gutters-col-0 gutters-col-v-lg-0 gutters-col-v-md-0 gutters-col-v-0\">\n          <!---->\n          <div class=\"h-column h-column-container d-flex h-col-lg-auto h-col-md-auto h-col-auto style-1390-outer style-local-1690-c97-outer\">\n            <div data-colibri-id=\"1690-c97\" class=\"d-flex h-flex-basis h-column__inner h-px-lg-0 h-px-md-0 h-px-0 v-inner-lg-0 v-inner-md-0 v-inner-0 style-1390 style-local-1690-c97 position-relative\">\n              <!---->\n              <!---->\n              <div class=\"w-100 h-y-container h-column__content h-column__v-align flex-basis-100 align-self-lg-center align-self-md-center align-self-center\">\n                <!---->\n                <div data-colibri-id=\"1690-c98\" class=\"h-global-transition-all h-heading style-1391 style-local-1690-c98 position-relative h-element\">\n                  <!---->\n                  <div class=\"h-heading__outer style-1391 style-local-1690-c98\">\n                    <!---->\n                    <!---->\n                    <h5 class=\"\">our restaurant<\/h5>\n                  <\/div>\n                <\/div>\n                <div data-colibri-id=\"1690-c99\" class=\"h-global-transition-all h-heading style-1392 style-local-1690-c99 position-relative h-element\">\n                  <!---->\n                  <div class=\"h-heading__outer style-1392 style-local-1690-c99\">\n                    <!---->\n                    <!---->\n                    <h2 class=\"\">In a restaurant, choose a table near a waiter.<\/h2>\n                  <\/div>\n                <\/div>\n                <div data-colibri-id=\"1690-c100\" class=\"h-row-container gutters-row-lg-0 gutters-row-md-0 gutters-row-0 gutters-row-v-lg-0 gutters-row-v-md-0 gutters-row-v-0 style-1393 style-local-1690-c100 position-relative\">\n                  <!---->\n                  <div class=\"h-row justify-content-lg-center justify-content-md-center justify-content-center align-items-lg-stretch align-items-md-stretch align-items-stretch gutters-col-lg-0 gutters-col-md-0 gutters-col-0 gutters-col-v-lg-0 gutters-col-v-md-0 gutters-col-v-0\">\n                    <!---->\n                    <div class=\"h-column h-column-container d-flex h-col-lg-auto h-col-md-auto h-col-auto style-1394-outer style-local-1690-c101-outer\">\n                      <div data-colibri-id=\"1690-c101\" class=\"d-flex h-flex-basis h-column__inner h-px-lg-0 h-px-md-0 h-px-2 v-inner-lg-0 v-inner-md-0 v-inner-2 style-1394 style-local-1690-c101 position-relative\">\n                        <!---->\n                        <!---->\n                        <div class=\"w-100 h-y-container h-column__content h-column__v-align flex-basis-100 align-self-lg-start align-self-md-start align-self-start\">\n                          <!---->\n                          <div data-colibri-id=\"1690-c102\" class=\"h-text h-text-component style-1395 style-local-1690-c102 position-relative h-element\">\n                            <!---->\n                            <!---->\n                            <div class=\"\">\n                              <p>&nbsp;Ut in vestibulum erat, quis rhoncus erat. Nulla ultrices lectus et ultrices convallis. Donec massa augue, porta non hendrerit ut, consequat non ligula. Fusce id tellus posuere, aliquet mi tempor, pellentesque urna.&nbsp;<\/p>\n                            <\/div>\n                          <\/div>\n                        <\/div>\n                      <\/div>\n                    <\/div>\n                    <div class=\"h-column h-column-container d-flex h-col-lg-auto h-col-md-auto h-col-auto style-1396-outer style-local-1690-c103-outer\">\n                      <div data-colibri-id=\"1690-c103\" class=\"d-flex h-flex-basis h-column__inner h-px-lg-0 h-px-md-0 h-px-2 v-inner-lg-0 v-inner-md-0 v-inner-2 style-1396 style-local-1690-c103 position-relative\">\n                        <!---->\n                        <!---->\n                        <div class=\"w-100 h-y-container h-column__content h-column__v-align flex-basis-100 align-self-lg-start align-self-md-start align-self-start\">\n                          <!---->\n                          <div data-colibri-id=\"1690-c104\" class=\"h-text h-text-component style-1397 style-local-1690-c104 position-relative h-element\">\n                            <!---->\n                            <!---->\n                            <div class=\"\">\n                              <p>Proin congue id nulla at efficitur. Pellentesque gravida rhoncus lacus sed sagittis. Aliquam nisi quam, blandit quis mollis ut, commodo quis nibh massa augue, porta non hendrerit ut.<\/p>\n                            <\/div>\n                          <\/div>\n                        <\/div>\n                      <\/div>\n                    <\/div>\n                  <\/div>\n                <\/div>\n              <\/div>\n            <\/div>\n          <\/div>\n          <div class=\"h-column h-column-container d-flex h-col-lg-auto h-col-md-auto h-col-auto style-1398-outer style-local-1690-c105-outer\">\n            <div data-colibri-id=\"1690-c105\" class=\"d-flex h-flex-basis h-column__inner h-ui-empty-state-container h-px-lg-0 h-px-md-0 h-px-0 v-inner-lg-0 v-inner-md-0 v-inner-0 style-1398 style-local-1690-c105 position-relative\">\n              <!---->\n              <!---->\n              <div class=\"w-100 h-y-container h-column__content h-column__v-align flex-basis-100\">\n                <!---->\n              <\/div>\n            <\/div>\n          <\/div>\n        <\/div>\n      <\/div>\n    <\/div>\n  <\/div>\n<\/div>","protected":false},"excerpt":{"rendered":"<p>Agentur Hoffmann Promotion GmbH Sch\u00e4ferstra\u00dfe 56 01067 Dresden fon: +49 173 37 28 182 email: info@easterndrinks.de Gesch\u00e4ftsf\u00fchrer: Thomas Roemer Steuernummer: 302\/105\/13068 Amtgericht Dresden: HRB 32059 Since 1910 our restaurant In a restaurant, choose a table near a waiter. &nbsp;Ut in vestibulum erat, quis rhoncus erat. Nulla ultrices lectus et ultrices convallis. Donec massa augue, porta [&hellip;]<\/p>\n","protected":false},"author":1,"featured_media":0,"parent":0,"menu_order":0,"comment_status":"closed","ping_status":"closed","template":"page-templates\/full-width-page.php","meta":{"footnotes":""},"class_list":["post-1690","page","type-page","status-publish","hentry"],"_links":{"self":[{"href":"https:\/\/easterndrinks.de\/index.php\/wp-json\/wp\/v2\/pages\/1690","targetHints":{"allow":["GET"]}}],"collection":[{"href":"https:\/\/easterndrinks.de\/index.php\/wp-json\/wp\/v2\/pages"}],"about":[{"href":"https:\/\/easterndrinks.de\/index.php\/wp-json\/wp\/v2\/types\/page"}],"author":[{"embeddable":true,"href":"https:\/\/easterndrinks.de\/index.php\/wp-json\/wp\/v2\/users\/1"}],"replies":[{"embeddable":true,"href":"https:\/\/easterndrinks.de\/index.php\/wp-json\/wp\/v2\/comments?post=1690"}],"version-history":[{"count":4,"href":"https:\/\/easterndrinks.de\/index.php\/wp-json\/wp\/v2\/pages\/1690\/revisions"}],"predecessor-version":[{"id":1788,"href":"https:\/\/easterndrinks.de\/index.php\/wp-json\/wp\/v2\/pages\/1690\/revisions\/1788"}],"wp:attachment":[{"href":"https:\/\/easterndrinks.de\/index.php\/wp-json\/wp\/v2\/media?parent=1690"}],"curies":[{"name":"wp","href":"https:\/\/api.w.org\/{rel}","templated":true}]}}